ctors of k?
2, 23, 79
Let f be (2/6)/((-15)/(-270)). Suppose -6*p = -8*p + f. Suppose 114 = -p*k + 5*k. List the prime factors of k.
3, 19
List the prime factors of 9*337 + (5 + -31 - -19).
2, 17, 89
Let a(w) = 364*w**2 + 7*w + 16. Let g be a(-5). Suppose -12*f + 3*f = -g. List the prime factors of f.
1009
Let s(r) be the first derivative of r**4/4 - 4*r**3/3 - 2*r**2 - r + 2. Let l be s(5). Suppose -l*k + 63 = -3*k. What are the prime factors of k?
3, 7
Let i(b) = 13*b + 22. Let v = -72 - -77. Suppose u - 26 = -f - 3*f, -v*f + 25 = 0. List the prime factors of i(u).
2, 5
Suppose -73494 = -u - 384*f + 389*f, f = u - 73506. What are the prime factors of u?
3, 107, 229
Let u = 34775 + -29757. List the prime factors of u.
2, 13, 193
Let a be (-7)/(-7)*(-2)/10*0. Suppose -4*u - 165 + 721 = a. List the prime factors of u.
139
Let j = 646 - 387. Suppose j = 4*s - 133. What are the prime factors of s?
2, 7
Suppose 0 = 16*x - 11*x - 105. Let p = x - 40. Let j = p - -30. What are the prime factors of j?
11
Let p(t) = -3*t**2 + 7*t - 7. Let x be p(2). Let h(w) = -236*w - 177. List the prime factors of h(x).
17, 59
Let n(g) = 350*g - 1340. What are the prime factors of n(27)?
2, 5, 811
Suppose 5*j - 100 = -15. Suppose -j*k - 1960 = -10*k. List the prime factors of (k/(-45)*3)/(6/27).
2, 3, 7
Suppose 5*p + 4 = 3*y, -p = 39*y - 38*y - 4. Let r(l) = 423*l**3 - 4*l**2 + l + 2. What are the prime factors of r(p)?
2, 211
Let m(b) = 103*b**3 + 10*b**2 - 15*b - 2. What are the prime factors of m(4)?
2, 3, 5, 223
Let v = 953 + -993. Let i be ((-1)/2)/((-4)/488). Let f = i - v. List the prime factors of f.
101
Let u = 259 - 214. What are the prime factors of 21741/u + 42/(-315)?
3, 7, 23
Let m(v) = -29*v**3 - 56*v**2 + 31*v + 9. Let c(f) = 10*f**3 + 19*f**2 - 10*f - 3. Let r(p) = 17*c(p) + 6*m(p). List the prime factors of r(-8).
1091
Suppose 0 = -4*t, -3*s - 25*t = -22*t - 1197. Suppose -404*h + 3970 = -s*h. List the prime factors of h.
2, 397
Suppose -2*o + 15*q = 18*q - 14302, -2*o = -4*q - 14316. What are the prime factors of o?
2, 7, 73
Suppose 5 = -r + i - 0*i, 5*r + 4*i + 16 = 0. Let b = r + 11. Suppose -b*p + 25 + 17 = 0. List the prime factors of p.
2, 3
Let q be 2289 + 5*(-21)/(-15). Let a = -1637 + q. List the prime factors of a.
659
Suppose 11*p + v = 46638, -v - 4181 = -p + 61. List the prime factors of p.
2, 5, 53
Suppose 4*g = -3*f + 37337, 2*f + 8616 = -9*g + 33482. List the prime factors of f.
12451
Let x(o) = 5*o**2 + 575*o - 480. What are the prime factors of x(-144)?
2, 3, 5, 17
Let h = -305 + 303. List the prime factors of 1/h*(-15 - 823).
419
Let a = 11670 - 8166. List the prime factors of a.
2, 3, 73
Let o(b) = b**3 + 3*b**2 - 3*b - 6. Let h be o(-5). Let x = h + 48. What are the prime factors of 7/(x/(-2)) + 97?
5, 19
List the prime factors of (14512/(-6))/(21/(-252)).
2, 907
Let m = -2 - -7. Suppose 4*s - 2*u = 158, 3*s + m*u = u + 102. Let c = s + -33. What are the prime factors of c?
5
Let r(l) = l**3 + 5*l**2 - 5*l + 11. Let c be r(-6). Suppose -562 = c*b + 4*x, 3*b + 158 + 182 = -x. Let n = -51 - b. List the prime factors of n.
3, 7
Let m be -18*(6/(-14))/(26/91). Suppose 10004 = -m*v + 32171. List the prime factors of v.
821
Suppose -9*b + 174 + 2391 = 0. Suppose 7*s - 22*s = -b. Suppose 11*w + 1128 = s*w. List the prime factors of w.
3, 47
Let o(k) = -5*k**3 - 6*k**2 - 4*k - 2. Let d be o(-2). Suppose -m + d + 95 = -u, 4*m - 458 = -u. What are the prime factors of m?
5, 23
Let a be 60/35 - (-2)/7. Suppose a*z + 4*r = -3*z + 3020, 2*z - 1208 = -r. What are the prime factors of z?
2, 151
Suppose 2*i - 5*g - 3084 = -10*g, -i + 2*g + 1542 = 0. Suppose 551 + i = 23*p. What are the prime factors of p?
7, 13
Suppose 0 = 2*o - 10218 - 20012. List the prime factors of o.
5, 3023
Suppose 52 = 5*r + i, 3*i - 3 = -r - 1. Let l(a) = -a**3 + 11*a**2 + 11*a + 20. What are the prime factors of l(r)?
3, 47
Let k be 3892/8 + -4 - 6/(-4). Suppose 12*a = a + k. Let v = a + -13. What are the prime factors of v?
31
Suppose 0 = 167*d + 1104462 - 5107786. List the prime factors of d.
2, 13, 461
Let o = 482 + -167. Let l = -155 + o. List the prime factors of l.
2, 5
Let g(j) be the first derivative of -55/2*j**2 - 4*j + 13. What are the prime factors of g(-2)?
2, 53
Let j(q) = -17*q + 14*q + 26 - 52 - 103 - 48*q. What are the prime factors of j(-44)?
3, 5, 47
Let v(o) = 3*o**3 - 28*o**2 - 24*o - 98. What are the prime factors of v(22)?
2, 3, 7, 47
Suppose -163042 = -18*l + 45583 + 54193. List the prime factors of l.
3, 31, 157
Suppose 46501 = 4*n + 5*x, -4*x + 8155 = n - 3473. What are the prime factors of n?
2, 1453
Let c = 80 - -33. Suppose -2*d = -g - c, d - 2*g = 5*d - 246. Suppose 2*b + 2*b = -x + 79, 5*x - d = -4*b. List the prime factors of b.
3, 7
Suppose g + 48 = 5*g. Suppose f = 28 + g. List the prime factors of 4376/f - (-2)/(-5).
109
What are the prime factors of -3 - (-18)/36*33030?
2, 3, 43
Let i(s) = 17*s + 56. Let d be i(-3). Suppose 1176 = d*v - 689. What are the prime factors of v?
373
Suppose 7*w - 3*w - 12 = 0. Suppose 4*y = -q + 259, 2*y - 86 = -w*q + 31. Let h = 105 - y. List the prime factors of h.
3, 13
Let u = 355 - 362. Let d(p) = -158*p - 68. What are the prime factors of d(u)?
2, 3, 173
Let o = 13444 + 20582. What are the prime factors of o?
2, 3, 53, 107
Suppose -57970 = -4*l - y - 3135, -2*y = -5*l + 68534. List the prime factors of l.
2, 23, 149
Let z be (-16)/(-64) - (1782/(-8) + -1). Let r = z - 377. Let q = 232 + r. What are the prime factors of q?
79
Let y(l) = 22*l**2 + 3*l + 16. Suppose -z + 290 = 4*z. Let c = z - 61. List the prime factors of y(c).
5, 41
Suppose -7839207 = -271*a + 3558240. List the prime factors of a.
3, 4673
Let k = -5175 - -21200. List the prime factors of k.
5, 641
Suppose 2*w = 6*w - 20. Let m(c) = 3*c - w + 3 + 8*c + 4*c. List the prime factors of m(4).
2, 29
Let z be (((-216)/(-21))/6)/(4/14). Suppose -z*k = -10*k + 1088. List the prime factors of k.
2, 17
Let o = -894 - -889. Let h(w) = -282*w - 130. What are the prime factors of h(o)?
2, 5
Let k(c) = 28*c**2 - 58*c + 190. Let a(r) = -15*r**2 + 30*r - 95. Let t(u) = 11*a(u) + 6*k(u). List the prime factors of t(-13).
2, 11, 19
Let p(c) = 92*c**2 - c + 6. Suppose 0 = w - 2 - 0. What are the prime factors of p(w)?
2, 3, 31
Let q = 143462 - 61684. List the prime factors of q.
2, 31, 1319
List the prime factors of 10004539/1065 + (-3)/(-45).
2, 7, 11, 61
Suppose -8*b = -2*b - 0*b. Suppose b = 3*p + 3*w - 159, 5*p - 3*w = w + 274. What are the prime factors of p?
2, 3
Suppose -377*b + 108 = -383*b. List the prime factors of ((-814)/b)/1 + (-22)/99.
3, 5
Let x = 515 - 492. Suppose 3274 = x*c - 12159. List the prime factors of c.
11, 61
Let y = -189 + 189. Suppose -2988 = -12*p - y*p. List the prime factors of p.
3, 83
Suppose 46*t - 364203 - 413887 = 0. List the prime factors of t.
5, 17, 199
Let u be ((-2)/(-4))/(1/14). Let t = -141 + 543. Suppose -u*h = -h - t. List the prime factors of h.
67
Let s(n) = -26*n + 24. Suppose -a = -2*a + 2*j - 8, -5*a = -2*j + 8. Suppose h + k + 4*k = 2, a = h - 3*k + 14. List the prime factors of s(h).
2, 29
Suppose 3*c - 12 = -4*s - 57, s - c + 6 = 0. Let i = s + 13. Suppose -2*k - 122 = 3*q - 301, -4*q = -i*k + 368. List the prime factors of k.
7, 13
Suppose 4*q = 2*f + 22, 21*q - 23*q = -5*f - 23. Let d be (-1)/1 - (-3 - 500). Suppose -18 + d = q*a. List the prime factors of a.
11
Let z be ((-55)/15)/((-8)/72). Suppose 0 = z*o - 14612 - 10270. List the prime factors of o.
2, 13, 29
Suppose 3*r = 4*o + 712, 498 = 2*r - 0*o + 2*o. Let c = -449 + r. List the prime factors of -4 - (-4)/((-4)/c).
3, 67
Let n(z) = -50*z - 34. Let j be n(-11). Let l = j + -75. Suppose 2*f + 4*a = 250, -l = -4*f + 5*a + 7. What are the prime factors of f?
3, 13
Let k be 0/((2/(-7))/((-10)/210)). Suppose -87*i + 82*i + 955 = k. What are the prime factors of i?
191
Suppose -38 + 13 = -5*d. Let z(w) = 11*w + 337 + 3*w + 312 - 695. List the prime factors of z(d).
2, 3
Suppose 2*o + 3*w - 32 = -2*o, -o - w + 8 = 0. Suppose o*c = -8*p + 4*p + 7492, -5*p = -25. List the prime factors of c.
2, 467
Suppose -13*a = h - 11*a - 12, 2*a = 3*h - 12. Suppose h*y = 16*y - 2380. What are the prime factors of y?
2, 7, 17
Let q = 1317 + 12262. List the p